{"id":976,"date":"2021-02-01T16:42:58","date_gmt":"2021-02-01T16:42:58","guid":{"rendered":"http:\/\/andresmellado.es\/?page_id=976"},"modified":"2024-04-12T01:02:01","modified_gmt":"2024-04-12T01:02:01","slug":"talleres-psicoemocionales","status":"publish","type":"page","link":"https:\/\/andresmellado.es\/index.php\/talleres-psicoemocionales\/","title":{"rendered":"Talleres Psicoemocionales"},"content":{"rendered":"\t\t<div data-elementor-type=\"wp-page\" data-elementor-id=\"976\" class=\"elementor elementor-976\">\n\t\t\t\t\t\t<div class=\"elementor-inner\">\n\t\t\t\t<div class=\"elementor-section-wrap\">\n\t\t\t\t\t\t\t\t\t<section class=\"elementor-section elementor-top-section elementor-element elementor-element-50acab4 elementor-section-boxed elementor-section-height-default elementor-section-height-default\" data-id=\"50acab4\" data-element_type=\"section\">\n\t\t\t\t\t\t<div class=\"elementor-container elementor-column-gap-default\">\n\t\t\t\t\t\t\t<div class=\"elementor-row\">\n\t\t\t\t\t<div class=\"elementor-column elementor-col-100 elementor-top-column elementor-element elementor-element-a34bea7\" data-id=\"a34bea7\" data-element_type=\"column\">\n\t\t\t<div class=\"elementor-column-wrap elementor-element-populated\">\n\t\t\t\t\t\t\t<div class=\"elementor-widget-wrap\">\n\t\t\t\t\t\t<div class=\"elementor-element elementor-element-5ea00d5 elementor-widget elementor-widget-heading\" data-id=\"5ea00d5\" data-element_type=\"widget\" data-widget_type=\"heading.default\">\n\t\t\t\t<div class=\"elementor-widget-container\">\n\t\t\t<h2 class=\"elementor-heading-title elementor-size-default\">A\u00f1ade aqu\u00ed tu texto de cabecera<\/h2>\t\t<\/div>\n\t\t\t\t<\/div>\n\t\t\t\t\t\t<\/div>\n\t\t\t\t\t<\/div>\n\t\t<\/div>\n\t\t\t\t\t\t\t\t<\/div>\n\t\t\t\t\t<\/div>\n\t\t<\/section>\n\t\t\t\t<section class=\"elementor-section elementor-top-section elementor-element elementor-element-dea3204 elementor-section-boxed elementor-section-height-default elementor-section-height-default\" data-id=\"dea3204\" data-element_type=\"section\">\n\t\t\t\t\t\t<div class=\"elementor-container elementor-column-gap-default\">\n\t\t\t\t\t\t\t<div class=\"elementor-row\">\n\t\t\t\t\t<div class=\"elementor-column elementor-col-100 elementor-top-column elementor-element elementor-element-4fd88f9\" data-id=\"4fd88f9\" data-element_type=\"column\">\n\t\t\t<div class=\"elementor-column-wrap elementor-element-populated\">\n\t\t\t\t\t\t\t<div class=\"elementor-widget-wrap\">\n\t\t\t\t\t\t<div class=\"elementor-element elementor-element-e664e00 elementor-widget elementor-widget-spacer\" data-id=\"e664e00\" data-element_type=\"widget\" data-widget_type=\"spacer.default\">\n\t\t\t\t<div class=\"elementor-widget-container\">\n\t\t\t\t\t<div class=\"elementor-spacer\">\n\t\t\t<div class=\"elementor-spacer-inner\"><\/div>\n\t\t<\/div>\n\t\t\t\t<\/div>\n\t\t\t\t<\/div>\n\t\t\t\t<div class=\"elementor-element elementor-element-10d4e2b elementor-widget elementor-widget-heading\" data-id=\"10d4e2b\" data-element_type=\"widget\" data-widget_type=\"heading.default\">\n\t\t\t\t<div class=\"elementor-widget-container\">\n\t\t\t<h2 class=\"elementor-heading-title elementor-size-default\">TALLERES <\/h2>\t\t<\/div>\n\t\t\t\t<\/div>\n\t\t\t\t<div class=\"elementor-element elementor-element-c418eed elementor-widget elementor-widget-heading\" data-id=\"c418eed\" data-element_type=\"widget\" data-widget_type=\"heading.default\">\n\t\t\t\t<div class=\"elementor-widget-container\">\n\t\t\t<h2 class=\"elementor-heading-title elementor-size-default\">A\u00f1ade aqu\u00ed tu texto de cabecera<\/h2>\t\t<\/div>\n\t\t\t\t<\/div>\n\t\t\t\t<section class=\"elementor-section elementor-inner-section elementor-element elementor-element-ac67b07 elementor-section-boxed elementor-section-height-default elementor-section-height-default\" data-id=\"ac67b07\" data-element_type=\"section\">\n\t\t\t\t\t\t<div class=\"elementor-container elementor-column-gap-default\">\n\t\t\t\t\t\t\t<div class=\"elementor-row\">\n\t\t\t\t\t<div class=\"elementor-column elementor-col-100 elementor-inner-column elementor-element elementor-element-16e349e\" data-id=\"16e349e\" data-element_type=\"column\">\n\t\t\t<div class=\"elementor-column-wrap elementor-element-populated\">\n\t\t\t\t\t\t\t<div class=\"elementor-widget-wrap\">\n\t\t\t\t\t\t<div class=\"elementor-element elementor-element-20a58ee elementor-invisible elementor-widget elementor-widget-text-editor\" data-id=\"20a58ee\" data-element_type=\"widget\" data-settings=\"{&quot;_animation&quot;:&quot;fadeInLeft&quot;}\" data-widget_type=\"text-editor.default\">\n\t\t\t\t<div class=\"elementor-widget-container\">\n\t\t\t\t\t\t\t\t<div class=\"elementor-text-editor elementor-clearfix\">\n\t\t\t\t<p>Despu\u00e9s de 20 a\u00f1os de experiencia llevando grupos de danzaterapia, sigo impartiendo talleres psicoemocionales donde se vivencia un viaje musical por las emociones a trav\u00e9s del cuerpo, el ritmo, la danza, los estiramientos bioenerg\u00e9ticos, los masajes creativos grupales, la meditacion y una constante innovaci\u00f3n de din\u00e1micas psico-corporales que fomentan el Aqu\u00ed y el Ahora y en FlamencoEmocion, la pasi\u00f3n por el arte del Flamenco.<\/p><p>Se experimenta la importancia de ser \u00abun canal\u00bb para expresar emociones, sin importar g\u00e9nero, edad, f\u00edsico, pa\u00eds, etc, y danzar hacia la unidad. <span style=\"text-decoration: underline;\">Aqu\u00ed presento mis tres modalidades de taller:<\/span><\/p><p><strong>\u00a0FlamencoEmocion<\/strong>\u00a0es un Taller de Flamenco Fusi\u00f3n terap\u00e9utico donde conectaremos con nuestro \u00abduende flamenco\u00bb interior. Aqu\u00ed fusiono musicalmente y corporalmente el flamenco con cada una de sus ra\u00edces m\u00e1s fuertes (India, \u00e1rabe, africana, latina) y asignando a cada ra\u00edz, uno de los 4 elementos b\u00e1sicos (aire, agua, tierra, fuego) y uno de los 4 anillos corporales a dirigir el trabajo (seg\u00fan m\u00e9todo Grimberg). Aparte de una fusi\u00f3n musical \u00fanica del Flamenco con sus diferentes ra\u00edces, explico un poco la historia y relaci\u00f3n de cada una de ellas con el Flamenco.<\/p><p>Experimentaremos el Empoderamiento, la Presencia, la Ternura, y transitaremos un bonito viaje por nuestras emociones, nuestro cuerpo, nuestra creatividad y nuestro ritmo a trav\u00e9s de este arte y de un viaje sonoro internacional flamenco muy especial, adem\u00e1s de dar y recibir masajes creativos para sentir este arte en tu cuerpo.\ud83c\udf39<\/p><p>En los talleres trabajamos tambi\u00e9n con algunos tipos de estiramientos de danza y bioenerg\u00e9tica, expresi\u00f3n corporal, lenguaje de signos en flamenco, liberar emociones, escucha interna, movimiento libre, etc&#8230;<\/p><p>En <strong>MasajEmocion<\/strong> aprendemos y recibimos masajes creativos emocionales a trav\u00e9s de un viaje musical \u00fanico, el Trabajo Corporal Integrativo y un poco de Bioenerg\u00e9tica.<\/p><p>En <strong>Animal Power Connection<\/strong> se trabaja la conexion con uno de tus animales de poder desde la danza y la meditaci\u00f3n activa. Un taller desde la Expresi\u00f3n Psico-Corporal buscando la exploracion y vivencia de tu lenguaje corporal, danzando y explorando nuevos movimientos para conectarnos con nuestro animal de poder y encontrar algunos de sus dones y proyecciones que habitan en nosotr@s, desde un enfoque del Trabajo Corporal Integrativo, el Movimiento arm\u00f3nico expresivo y lo Gestaltico, donde nos centramos en el Ahora, en la presencia, en el cuerpo, la espontaneidad y la creatividad para explorar m\u00e1gicos descubrimientos dentro de nosotr@s.<\/p>\t\t\t\t\t<\/div>\n\t\t\t\t\t\t<\/div>\n\t\t\t\t<\/div>\n\t\t\t\t<div class=\"elementor-element elementor-element-ed32e1c elementor-widget elementor-widget-image\" data-id=\"ed32e1c\" data-element_type=\"widget\" data-widget_type=\"image.default\">\n\t\t\t\t<div class=\"elementor-widget-container\">\n\t\t\t\t\t\t\t\t<div class=\"elementor-image\">\n\t\t\t\t\t\t\t\t\t\t\t\t<img decoding=\"async\" src=\"https:\/\/youtu.be\/pRNZlVPNtI8?si=CfWYRLssHiEpeDGa\" title=\"\" alt=\"\" loading=\"lazy\" \/>\t\t\t\t\t\t\t\t\t\t\t\t\t\t<\/div>\n\t\t\t\t\t\t<\/div>\n\t\t\t\t<\/div>\n\t\t\t\t\t\t<\/div>\n\t\t\t\t\t<\/div>\n\t\t<\/div>\n\t\t\t\t\t\t\t\t<\/div>\n\t\t\t\t\t<\/div>\n\t\t<\/section>\n\t\t\t\t\t\t<\/div>\n\t\t\t\t\t<\/div>\n\t\t<\/div>\n\t\t\t\t\t\t\t\t<\/div>\n\t\t\t\t\t<\/div>\n\t\t<\/section>\n\t\t\t\t<section class=\"elementor-section elementor-top-section elementor-element elementor-element-cc477fb elementor-section-boxed elementor-section-height-default elementor-section-height-default\" data-id=\"cc477fb\" data-element_type=\"section\">\n\t\t\t\t\t\t<div class=\"elementor-container elementor-column-gap-default\">\n\t\t\t\t\t\t\t<div class=\"elementor-row\">\n\t\t\t\t\t<div class=\"elementor-column elementor-col-100 elementor-top-column elementor-element elementor-element-f0d2063\" data-id=\"f0d2063\" data-element_type=\"column\">\n\t\t\t<div class=\"elementor-column-wrap elementor-element-populated\">\n\t\t\t\t\t\t\t<div class=\"elementor-widget-wrap\">\n\t\t\t\t\t\t<div class=\"elementor-element elementor-element-e8e5221 elementor-widget elementor-widget-video\" data-id=\"e8e5221\" data-element_type=\"widget\" data-settings=\"{&quot;youtube_url&quot;:&quot;https:\\\/\\\/youtu.be\\\/pRNZlVPNtI8?si=CfWYRLssHiEpeDGa&quot;,&quot;video_type&quot;:&quot;youtube&quot;,&quot;controls&quot;:&quot;yes&quot;}\" data-widget_type=\"video.default\">\n\t\t\t\t<div class=\"elementor-widget-container\">\n\t\t\t\t\t<div class=\"elementor-wrapper elementor-open-inline\">\n\t\t\t<div class=\"elementor-video\"><\/div>\t\t<\/div>\n\t\t\t\t<\/div>\n\t\t\t\t<\/div>\n\t\t\t\t\t\t<\/div>\n\t\t\t\t\t<\/div>\n\t\t<\/div>\n\t\t\t\t\t\t\t\t<\/div>\n\t\t\t\t\t<\/div>\n\t\t<\/section>\n\t\t\t\t<section class=\"elementor-section elementor-top-section elementor-element elementor-element-59249f1 elementor-section-boxed elementor-section-height-default elementor-section-height-default\" data-id=\"59249f1\" data-element_type=\"section\">\n\t\t\t\t\t\t<div class=\"elementor-container elementor-column-gap-default\">\n\t\t\t\t\t\t\t<div class=\"elementor-row\">\n\t\t\t\t\t<div class=\"elementor-column elementor-col-100 elementor-top-column elementor-element elementor-element-1be3518\" data-id=\"1be3518\" data-element_type=\"column\">\n\t\t\t<div class=\"elementor-column-wrap elementor-element-populated\">\n\t\t\t\t\t\t\t<div class=\"elementor-widget-wrap\">\n\t\t\t\t\t\t<div class=\"elementor-element elementor-element-d2bcca2 elementor-widget elementor-widget-video\" data-id=\"d2bcca2\" data-element_type=\"widget\" data-settings=\"{&quot;youtube_url&quot;:&quot;https:\\\/\\\/youtu.be\\\/LUP85I1pAsA?si=coVpEyw4Qq2ICTTJ&quot;,&quot;video_type&quot;:&quot;youtube&quot;,&quot;controls&quot;:&quot;yes&quot;}\" data-widget_type=\"video.default\">\n\t\t\t\t<div class=\"elementor-widget-container\">\n\t\t\t\t\t<div class=\"elementor-wrapper elementor-open-inline\">\n\t\t\t<div class=\"elementor-video\"><\/div>\t\t<\/div>\n\t\t\t\t<\/div>\n\t\t\t\t<\/div>\n\t\t\t\t\t\t<\/div>\n\t\t\t\t\t<\/div>\n\t\t<\/div>\n\t\t\t\t\t\t\t\t<\/div>\n\t\t\t\t\t<\/div>\n\t\t<\/section>\n\t\t\t\t<section class=\"elementor-section elementor-top-section elementor-element elementor-element-6565021 elementor-section-boxed elementor-section-height-default elementor-section-height-default\" data-id=\"6565021\" data-element_type=\"section\">\n\t\t\t\t\t\t<div class=\"elementor-container elementor-column-gap-default\">\n\t\t\t\t\t\t\t<div class=\"elementor-row\">\n\t\t\t\t\t<div class=\"elementor-column elementor-col-100 elementor-top-column elementor-element elementor-element-0add91b\" data-id=\"0add91b\" data-element_type=\"column\">\n\t\t\t<div class=\"elementor-column-wrap elementor-element-populated\">\n\t\t\t\t\t\t\t<div class=\"elementor-widget-wrap\">\n\t\t\t\t\t\t<div class=\"elementor-element elementor-element-51ee60a elementor-widget elementor-widget-video\" data-id=\"51ee60a\" data-element_type=\"widget\" data-settings=\"{&quot;youtube_url&quot;:&quot;https:\\\/\\\/youtu.be\\\/XOVnPKmQyU4?si=56S4zT4EMHDtgGkH&quot;,&quot;video_type&quot;:&quot;youtube&quot;,&quot;controls&quot;:&quot;yes&quot;}\" data-widget_type=\"video.default\">\n\t\t\t\t<div class=\"elementor-widget-container\">\n\t\t\t\t\t<div class=\"elementor-wrapper elementor-open-inline\">\n\t\t\t<div class=\"elementor-video\"><\/div>\t\t<\/div>\n\t\t\t\t<\/div>\n\t\t\t\t<\/div>\n\t\t\t\t\t\t<\/div>\n\t\t\t\t\t<\/div>\n\t\t<\/div>\n\t\t\t\t\t\t\t\t<\/div>\n\t\t\t\t\t<\/div>\n\t\t<\/section>\n\t\t\t\t\t\t\t\t\t<\/div>\n\t\t\t<\/div>\n\t\t\t\t\t<\/div>\n\t\t","protected":false},"excerpt":{"rendered":"<p>A\u00f1ade aqu\u00ed tu texto de cabecera TALLERES A\u00f1ade aqu\u00ed tu texto de cabecera Despu\u00e9s de 20 a\u00f1os de experiencia llevando grupos de danzaterapia, sigo impartiendo talleres psicoemocionales donde se vivencia un viaje musical por las emociones a trav\u00e9s del cuerpo, el ritmo, la danza, los estiramientos bioenerg\u00e9ticos, los masajes creativos grupales, la meditacion y una&hellip;&nbsp;<a href=\"https:\/\/andresmellado.es\/index.php\/talleres-psicoemocionales\/\" class=\"\" rel=\"bookmark\">Leer m\u00e1s &raquo;<span class=\"screen-reader-text\">Talleres Psicoemocionales<\/span><\/a><\/p>\n","protected":false},"author":1,"featured_media":0,"parent":0,"menu_order":0,"comment_status":"closed","ping_status":"closed","template":"page-templates\/template-pagebuilder-full-width.php","meta":{"neve_meta_sidebar":"full-width","neve_meta_container":"","neve_meta_enable_content_width":"on","neve_meta_content_width":100,"neve_meta_title_alignment":"","neve_meta_author_avatar":"","neve_post_elements_order":"","neve_meta_disable_header":"","neve_meta_disable_footer":"","neve_meta_disable_title":"","_ti_tpc_template_sync":false,"_ti_tpc_template_id":""},"_links":{"self":[{"href":"https:\/\/andresmellado.es\/index.php\/wp-json\/wp\/v2\/pages\/976"}],"collection":[{"href":"https:\/\/andresmellado.es\/index.php\/wp-json\/wp\/v2\/pages"}],"about":[{"href":"https:\/\/andresmellado.es\/index.php\/wp-json\/wp\/v2\/types\/page"}],"author":[{"embeddable":true,"href":"https:\/\/andresmellado.es\/index.php\/wp-json\/wp\/v2\/users\/1"}],"replies":[{"embeddable":true,"href":"https:\/\/andresmellado.es\/index.php\/wp-json\/wp\/v2\/comments?post=976"}],"version-history":[{"count":126,"href":"https:\/\/andresmellado.es\/index.php\/wp-json\/wp\/v2\/pages\/976\/revisions"}],"predecessor-version":[{"id":1617,"href":"https:\/\/andresmellado.es\/index.php\/wp-json\/wp\/v2\/pages\/976\/revisions\/1617"}],"wp:attachment":[{"href":"https:\/\/andresmellado.es\/index.php\/wp-json\/wp\/v2\/media?parent=976"}],"curies":[{"name":"wp","href":"https:\/\/api.w.org\/{rel}","templated":true}]}}